Is 217428263 a multiple of 3058?
False
Does 7 divide 2237147?
False
Is 99156967 a multiple of 91?
True
Is 77473344 a multiple of 832?
True
Does 83 divide 113819790?
False
Is 147 a factor of 1050600033?
True
Is 359021296 a multiple of 850?
False
Is 5838 a factor of 321790693?
False
Is 419 a factor of 501086365?
False
Does 72 divide 2920821480?
True
Is 30128980 a multiple of 2017?
False
Is 4796948 a multiple of 12?
False
Is 167 a factor of 10926675?
False
Does 268 divide 794257396?
True
Does 204 divide 7934106?
False
Does 163 divide 336861668?
True
Does 310 divide 540947907?
False
Does 7 divide 35487695?
False
Does 2 divide 178687156?
True
Is 12514897 a multiple of 53?
False
Is 405039 a multiple of 24?
False
Is 2903104042 a multiple of 64?
False
Is 625 a factor of 543215247?
False
Is 2007065992 a multiple of 16?
False
Is 166841691 a multiple of 940?
False
Does 28 divide 274926849?
False
Is 839435409 a multiple of 19?
True
Is 108273265 a multiple of 11?
False
Does 16 divide 6271968?
True
Does 615 divide 654035280?
True
Does 29 divide 1121401?
True
Does 1088 divide 132441152?
True
Is 10027199 a multiple of 40?
False
Is 176394399 a multiple of 1553?
True
Is 494751926 a multiple of 53?
True
Does 39 divide 9225913?
False
Is 808111164 a multiple of 14?
True
Is 17710432 a multiple of 152?
True
Is 59 a factor of 5165450?
True
Is 37302525 a multiple of 117?
True
Does 33 divide 12117599?
False
Is 115 a factor of 162431520?
True
Does 10 divide 672726404?
False
Is 1599664474 a multiple of 14?
False
Does 4813 divide 362587355?
True
Is 209314256 a multiple of 3?
False
Does 18 divide 1593023526?
True
Is 4012164161 a multiple of 733?
False
Does 504 divide 96493824?
True
Is 9121140 a multiple of 126?
True
Does 6 divide 413040900?
True
Does 87 divide 810395299?
False
Is 14 a factor of 125909530?
False
Is 3449 a factor of 572489163?
True
Does 150 divide 16092397?
False
Is 86455521 a multiple of 74?
False
Is 651288166 a multiple of 3849?
False
Does 117 divide 37166554?
False
Is 142244308 a multiple of 192?
False
Does 69 divide 930647298?
True
Does 9111 divide 556764099?
True
Is 606208970 a multiple of 757?
False
Does 454 divide 1201045650?
True
Is 3769366 a multiple of 1949?
True
Is 782204599 a multiple of 6260?
False
Is 17 a factor of 33825580?
True
Is 61 a factor of 8978509?
False
Does 69 divide 514086846?
True
Does 242 divide 274518508?
True
Is 188738699 a multiple of 3448?
False
Is 75745600 a multiple of 40?
True
Is 913 a factor of 25873325?
False
Is 604237 a multiple of 19?
False
Is 112078767 a multiple of 839?
False
Is 1745 a factor of 1701199444?
False
Is 30363822 a multiple of 65?
False
Is 89 a factor of 67894451?
True
Is 648 a factor of 36365112?
True
Does 65 divide 767173810?
True
Does 3965 divide 226104125?
True
Does 21 divide 520365804?
True
Is 92 a factor of 4033588142?
False
Is 79336992 a multiple of 24?
True
Is 443783151 a multiple of 2597?
True
Does 1914 divide 379228536?
False
Is 691 a factor of 61266896?
False
Does 12 divide 7581012?
True
Does 267 divide 58149930?
True
Is 232 a factor of 303544866?
False
Does 1342 divide 4039156911?
False
Is 10 a factor of 294011318?
False
Is 4052 a factor of 268014886?
False
Does 35 divide 795900?
True
Is 199181448 a multiple of 766?
True
Is 383 a factor of 16349042?
False
Does 16 divide 256352319?
False
Does 19 divide 36863083?
False
Does 283 divide 16970095?
True
Is 49 a factor of 1411104914?
False
Is 14677732 a multiple of 2?
True
Does 2763 divide 163246022?
False
Is 64 a factor of 73831424?
True
Is 865344492 a multiple of 54?
True
Is 124479309 a multiple of 32?
False
Does 11 divide 3412902471?
True
Is 6 a factor of 380345417?
False
Is 27065440 a multiple of 40?
True
Is 9 a factor of 28361514?
False
Is 450 a factor of 35593954?
False
Is 50323339 a multiple of 13?
False
Is 5190 a factor of 289157477?
False
Is 57245224 a multiple of 1072?
False
Is 129 a factor of 61724049?
True
Does 123 divide 46945410?
True
Is 69 a factor of 31384233?
False
Does 405 divide 375438240?
True
Is 3636 a factor of 183227034?
False
Is 8 a factor of 65622120?
True
Does 24 divide 3496584?
True
Does 14 divide 19872958?
True
Does 13 divide 249075229?
True
Is 619 a factor of 79684038?
False
Does 6 divide 810756?
True
Is 54216246 a multiple of 14?
True
Is 1500649776 a multiple of 5246?
True
Does 29 divide 1176942003?
True
Is 5240135601 a multiple of 2298?
False
Is 60 a factor of 882167857?
False
Is 262678449 a multiple of 33?
True
Does 59 divide 488632401?
False
Is 62995744 a multiple of 1207?
True
Is 46572325 a multiple of 95?
True
Is 17997408 a multiple of 759?
True
Is 20 a factor of 28347908?
False
Is 1597 a factor of 178862971?
False
Is 101450528 a multiple of 42?
False
Is 49291894 a multiple of 21?
False
Is 643253733 a multiple of 272?
False
Is 32548717 a multiple of 97?
False
Is 36 a factor of 16578828?
True
Is 1918 a factor of 44394199?
False
Is 173 a factor of 245859437?
False
Is 579004083 a multiple of 139?
True
Does 82 divide 9996800?
False
Does 149 divide 634290020?
True
Does 1102 divide 211744892?
True
Is 16 a factor of 645984032?
True
Does 1109 divide 33627098?
True
Does 28 divide 168723044?
True
Is 31 a factor of 324831009?
False
Does 13 divide 354289390?
True
Is 2027 a factor of 482758428?
True
Is 8188175 a multiple of 535?
True
Does 14 divide 1878869314?
True
Does 6 divide 4984694?
False
Is 32654286 a multiple of 744?
False
Is 5 a factor of 143310222?
False
Is 211063104 a multiple of 4032?
True
Is 6523767835 a multiple of 6995?
True
Is 3973 a factor of 156238225?
True
Does 212 divide 5075568591?
False
Does 220 divide 971104200?
True
Does 110 divide 27761484?
False
Is 1058264000 a multiple of 160?
True
Is 149 a factor of 1701081982?
False
Is 154 a factor of 9446243?
False
Is 1611709307 a multiple of 42?
False
Is 140 a factor of 110571845?
False
Does 50 divide 384524177?
False
Is 103981509 a multiple of 3?
True
Is 22 a factor of 20186078?
True
Does 54 divide 332297478?
True
Is 1450 a factor of 231299650?
True
Is 11063325 a multiple of 298?
False
Is 269 a factor of 26348383?
False
Is 209739059 a multiple of 13?
False
Is 72 a factor of 172232028?
False
Is 243816773 a multiple of 89?
False
Is 25 a factor of 10656475?
True
Is 24 a factor of 3769997417?
False
Is 220 a factor of 48273500?
True
Does 155 divide 637721925?
True
Does 2515 divide 433127634?
False
Is 24690803 a multiple of 42?
False
Does 75 divide 1463103075?
True
Does 4 divide 162316871?
False
Does 48 divide 22643192?
False
Is 14747988 a multiple of 263?
True
Does 47 divide 160014132?
True
Is 21 a factor of 782577264?
True
Does 17 divide 5552132?
True
Does 737 divide 52628433?
True
Does 3 divide 8849257?
False
Is 8 a factor of 4141700472?
True
Does 19 divide 13154816?
False
Is 144966067 a multiple of 17?
False
Is 266978 a multiple of 15?
False
Does 234 divide 93768948?
True
Is 1218 a factor of 118762948?
False
Does 387 divide 376536681?
True
Is 89871350 a multiple of 1955?
True
Is 16 a factor of 17287694?
False
Does 10 divide 236624?
False
Is 59 a factor of 40737081?
True
Does 1312 divide 190599488?
True
Does 2058 divide 94577448?
True
Does 158 divide 25043511?
False
Does 21 divide 776937?
True
Is 40779016 a multiple of 15?
False
Is 144623336 a multiple of 572?
True
Does 9 divide 39912854?
False
Is 240095306 a multiple of 12?
False
Does 29 divide 53315688?
True
Does 13 divide 557368461?
True
Is 5 a factor of 68107719?
False
Is 36 a factor of 39846212?
False
Is 1829323623 a multiple of 3615?
False
Does 21 divide 730455543?
False
Is 173 a factor of 555413374?
False
Does 1859 divide 350425899?
False
Does 70 divide 31412990?
True
Does 198 divide 2288122650?
True
Does 52 divide 2206726188?
False
Does 233 divide 395795935?
True
Does 192 divide 171439923?
False
Is 13 a factor of 14334190?
True
Is 2000738142 a multiple of 1677?
True
Does 49 divide 106027866?
True
Is 216825220 a multiple of 5620?
True
Is 9 a factor of 36410931?
True
Is 1654028208 a multiple of 87?
False
Is 7 a factor of 245181228?
False
Is 1340179550 a multiple of 10?
True
Does 158 divide 36376024?
True
Is 13 a factor of 67867799?
False
Is 13563232 a multiple of 688?
True
Does 22 divide 1294755221?
False
Is 57600577 a multiple of 73?
True
Does 2175 divide 4156425?
True
Is 8 a factor of 637661507?
False
Does 